 185*a - 295. Calculate h(-185).
-295
Let j(l) = -7012*l - 49027. Give j(-7).
57
Let u(r) = -3*r**2 + 477*r + 11842. Calculate u(-23).
-716
Let m(i) = -7611*i - 319706. Give m(-42).
-44
Let f(a) = 4104*a - 113434. Determine f(28).
1478
Let z(u) = 106373*u - 531849. Calculate z(5).
16
Let s(t) = 46*t**2 - 25*t + 44. What is s(-6)?
1850
Let j(g) = 5*g**3 - 3*g**2 - 2*g - 24. Calculate j(7).
1530
Let c(p) = p**3 + p**2 - 1501*p - 6. Give c(0).
-6
Let w(m) = -m**2 - 723*m + 7849. Determine w(11).
-225
Let i(o) = -3843*o + 1375768. Calculate i(358).
-26
Let d(x) = -2553*x - 165993. Calculate d(-65).
-48
Let d(u) = u**3 - 47*u**2 + 299*u + 156. What is d(40)?
916
Let l(i) = 12*i**2 - 99*i + 84. What is l(7)?
-21
Let u(n) = 47*n**3 + 19*n**2 - 85*n + 182. Determine u(3).
1367
Let o(z) = -42*z**2 + 327*z - 692. Give o(6).
-242
Let x(h) = -250*h**2 + 28593*h - 57184. Calculate x(2).
-998
Let u(l) = 4815*l + 384903. What is u(-80)?
-297
Let l(n) = -6*n**3 + 251*n**2 - 14*n + 248. Give l(42).
-2104
Let g(q) = q**2 - 1091174*q - 2. Determine g(0).
-2
Let c(b) = -b**3 + 16*b**2 - 43*b - 20. Give c(4).
0
Let t(l) = -3*l**3 + 30*l**2 - 148*l + 811. What is t(5)?
446
Let q(y) = -y**3 + 581*y**2 + 42699*y - 193. Calculate q(-66).
5
Let n(h) = 2*h**2 + 84*h + 219. Calculate n(-38).
-85
Let s(j) = -j**3 - 163*j**2 + 170*j + 1003. Calculate s(-164).
19
Let t(c) = -2275*c - 791719. What is t(-348)?
-19
Let r(l) = -2*l**3 - 170*l**2 + 12766*l + 96. Calculate r(48).
0
Let v(p) = -p**2 - 87*p + 1031. What is v(-98)?
-47
Let r(i) = -399*i**2 - 7201*i - 98. Calculate r(-18).
244
Let b(d) = -1199*d - 47186. Give b(-40).
774
Let k(v) = -247*v - 408. Determine k(-10).
2062
Let q(k) = -76*k**2 - 2683*k - 12096. Give q(-30).
-6
Let b(q) = -247*q - 11649. Give b(-47).
-40
Let v(s) = -55371*s + 830623. Calculate v(15).
58
Let w(v) = -40*v**2 - 929*v + 703. Give w(-24).
-41
Let t(o) = -3*o**3 - 22*o**2 - 30*o + 47. Calculate t(-10).
1147
Let k(v) = -v**3 + 37*v**2 - 1738*v + 26506. What is k(19)?
-18
Let l(s) = -2*s**3 - 117*s**2 + 152*s + 661. Determine l(3).
10
Let x(g) = 528*g + 104527. Determine x(-198).
-17
Let p(h) = -26*h + 692. Calculate p(32).
-140
Let n(g) = -2*g**3 - 27*g**2 - 78*g - 330. Calculate n(-11).
-77
Let f(k) = -k**3 + 435*k**2 + 1635*k - 711216. Calculate f(435).
9
Let q(b) = 11*b**3 + 1088*b**2 - 118*b - 1878. What is q(-99)?
3
Let f(p) = 5311*p - 148798. What is f(28)?
-90
Let n(i) = -i**3 + 22*i**2 - i + 440. Determine n(22).
418
Let i(t) = -194763*t - 3310964. Calculate i(-17).
7
Let m(s) = 3*s**3 - 128*s**2 + 70*s + 565. Determine m(42).
-23
Let o(l) = -15*l**2 + 508*l - 1045. Determine o(43).
-6936
Let x(y) = 572*y**2 + 71502*y + 261. Calculate x(-125).
11
Let w(m) = 36*m**2 - 1066*m - 3183. Calculate w(-3).
339
Let d(k) = 100*k**3 - 505*k**2 + 52*k - 122. Calculate d(5).
13
Let j(b) = 856*b - 246468. Determine j(288).
60
Let b(q) = 636*q**2 - 2590*q - 74. Determine b(4).
-258
Let n(q) = -2*q**3 - 37*q**2 - 170*q + 21. Calculate n(-8).
37
Let n(p) = -1634*p - 19608. Calculate n(-12).
0
Let a(v) = -v**3 - 23*v**2 - 2*v - 200. Determine a(-23).
-154
Let d(x) = -2*x**3 - 39*x**2 + 46*x - 306. Give d(-21).
51
Let m(q) = -346*q**2 - 45324*q + 273. Determine m(-131).
11
Let d(f) = 3*f**3 - 67*f**2 + 940*f - 20193. Determine d(22).
3
Let f(b) = 4*b**3 - 542*b**2 + 801*b + 752. Give f(134).
350
Let h(v) = 308738*v + 926221. What is h(-3)?
7
Let d(v) = -6*v**2 + 142*v + 129. Determine d(-1).
-19
Let m(l) = -122*l**3 + 1458*l**2 + 77*l - 56. Give m(12).
4
Let o(v) = 8*v**3 - 30*v**2 + 260*v - 723. Give o(3).
3
Let z(t) = 110*t - 7617. Determine z(21).
-5307
Let s(q) = -46338*q + 417032. What is s(9)?
-10
Let n(d) = 441*d**2 + 4412*d + 11. Determine n(-10).
-9
Let j(b) = 740*b**3 + 3*b**2 - 8*b + 8. Calculate j(1).
743
Let t(v) = 2322*v + 97516. Calculate t(-42).
-8
Let f(b) = -b**2 - 5462*b + 1954268. Determine f(337).
5
Let b(i) = -4*i**2 - 239*i - 37. Give b(-59).
140
Let a(f) = f**3 + 110*f**2 + 2695*f + 1303. Determine a(-36).
187
Let l(j) = 2*j**3 - 188*j**2 - 12*j + 958. Give l(94).
-170
Let j(w) = w**2 + 271146*w - 3525068. Calculate j(13).
-1
Let o(b) = -29*b**2 + 1633*b + 234. What is o(57)?
-906
Let t(w) = 4*w**3 + 169*w**2 + 390*w + 14613. Give t(-42).
-3
Let s(d) = -2*d**3 - 59*d**2 - 353*d + 105. Calculate s(-21).
21
Let n(t) = -2*t**3 + 294*t**2 - 292*t - 43. What is n(146)?
-43
Let d(x) = -5*x**2 + 123*x + 489. Calculate d(14).
1231
Let z(q) = q**2 + 169*q - 77840. Calculate z(-376).
-8
Let o(t) = -t**3 - 12*t**2 - 157*t - 1325. What is o(-10)?
45
Let n(i) = 310*i - 45272. Give n(146).
-12
Let n(p) = -p**3 + 17*p**2 - 20*p + 6599. Give n(26).
-5
Let d(t) = 2311*t**2 + 203370*t + 144. What is d(-88)?
-32
Let y(o) = o**2 - 47*o - 3586. Calculate y(88).
22
Let j(y) = -y**3 + 146*y**2 + 6533*y + 3355. Calculate j(182).
-103
Let t(h) = h**3 - 146*h + 281. Determine t(2).
-3
Let n(o) = 1238*o**3 - 11*o**2 + 5*o - 6. Calculate n(1).
1226
Let s(g) = -23*g + 1497. What is s(72)?
-159
Let p(r) = -2*r**2 - 2870*r - 62134. Give p(-22).
38
Let u(c) = c**3 + 55*c**2 - 1277*c - 615. What is u(18)?
51
Let x(i) = i**2 - 19466*i + 3088950. What is x(160)?
-10
Let m(g) = -g**3 - 44*g**2 - g - 1958. Determine m(-45).
112
Let f(a) = -2276*a - 156210. What is f(-69)?
834
Let h(t) = -6242*t + 393203. Calculate h(63).
-43
Let z(g) = -14*g**3 - 770*g**2 + 3*g + 287. Give z(-55).
122
Let r(u) = 3*u**2 - 2105*u - 59772. Determine r(729).
6
Let p(k) = k**2 - 1717*k + 652080. Calculate p(567).
30
Let w(j) = 4*j**2 - 158*j + 292. Calculate w(38).
64
Let p(a) = -a**3 - 82*a**2 + 165*a - 160. Determine p(-84).
92
Let z(g) = g**3 + 44*g**2 - 5510*g - 43805. What is z(60)?
-5
Let x(j) = 1819*j + 29013. What is x(-16)?
-91
Let o(d) = -d**3 - 21*d**2 - 197*d - 3970. Determine o(-19).
-949
Let h(i) = 18760*i + 862982. What is h(-46)?
22
Let n(s) = 2*s**2 + 144*s + 3766. What is n(-31)?
1224
Let c(s) = -2*s**3 + 65*s**2 - 297*s + 1133. What is c(28)?
-127
Let b(i) = 8*i**3 - 731*i**2 + 287*i - 1304. Calculate b(91).
-30
Let p(g) = 40*g**2 - 401*g - 948. What is p(12)?
0
Let u(i) = -2*i**3 + 28*i**2 + 216*i + 244. Calculate u(20).
-236
Let d(r) = r**2 - 906*r - 72549. Determine d(-74).
-29
Let d(h) = -15*h**3 - 263*h**2 + 124*h - 270. Determine d(-18).
-234
Let u(w) = -w**2 - 108*w - 13. What is u(-30)?
2327
Let k(b) = 25*b**2 - 144*b - 14. Determine k(-5).
1331
Let t(i) = -i**2 + 390*i + 416342. Calculate t(869).
91
Let k(y) = -y**2 - 648*y + 112203. Determine k(-790).
23
Let b(k) = k**3 + 345*k**2 - 2825*k + 1274. Determine b(-353).
1627
Let m(c) = -38535*c - 115598. Determine m(-3).
7
Let l(w) = -94*w**2 - 4697*w + 123. Determine l(-50).
-27
Let f(n) = 7*n**3 + 110*n**2 - 86*n + 1132. What is f(-17)?
-7
Let x(o) = 11052*o + 187893. Give x(-17).
9
Let w(c) = -2*c**3 - 310*c**2 - 2545*c - 394469. Give w(-155).
6
Let t(x) = -2281*x + 551878. Calculate t(242).
-124
Let o(z) = 8*z**3 - 66*z**2 - 7350*z + 65664. Give o(9).
0
Let r(d) = 210*d - 2339. Determine r(12).
181
Let d(c) = c**3 + 168*c**2 + 500*c + 582. Give d(-165).
-243
Let g(k) = -7*k**2 - 1391*k - 36097. Calculate g(-168).
23
Let l(g) = 435*g + 195754. Calculate l(-450).
4
Let q(l) = -2*l**2 - 3527*l - 31575. Determine q(-9).
6
Let q(f) = -5369*f - 923473. Calculate q(-172).
-5
Let s(y) = -105*y + 3702. What is s(39)?
-393
Let g(z) = z**2 + 34870*z + 488003. Determine g(-14).
19
Let u(h) = 8011*h - 480661. Give u(60).
-1
Let r(m) = m**3 - 114*m**2 - 753*m + 3158. Give r(120).
-802
Let x(t) = 25*t**2 - 1083*t - 3080. What is x(46)?
2
Let g(l) = -9*l**2 + 86*l + 774. Give g(-10).
-986
Let v(l) = -681*l - 6547. What is v(-9)?
-418
Let f(g) = -51*g**3 - 36*g**2 + 33*g + 2. Give f(1).
-52
Let m(v) = 1187*v - 12715. Determine m(9).
-2032
Let x(r) = 27242*r + 9153315. What is x(-336)?
3
Let z(i) = 1391*i - 2634. Give z(2).
148
Let q(p) = -p**3 + 35*p**2 + 39*p + 1684. Determine q(38).
-1166
Let c(k) = -2*k**2 + 140*k + 1244. What is c(79)?
-178
Let g(a) = 2*a**3 - 19*a**2 + a + 43. Calculate g(10).
153
Let g(j) = -j**3 - 5*j**2 + 396*j + 191. What is g(16)?
1151
Let j(h) = 95*h + 4355. Give j(-40).
555
Let c(s) = 3*s**2 + 200*s - 1680. Calculate c(-74).
-52
Let h(f) = 692*f**3 - 8*f**2 - 20*f + 23. Give h(2).
5487
Let g(d) = 